{"id":306,"date":"2021-04-06T09:45:14","date_gmt":"2021-04-06T07:45:14","guid":{"rendered":"http:\/\/unser-landvolk.de\/?page_id=306"},"modified":"2021-04-06T15:51:36","modified_gmt":"2021-04-06T13:51:36","slug":"impressum","status":"publish","type":"page","link":"https:\/\/unser-landvolk.de\/?page_id=306","title":{"rendered":"Impressum"},"content":{"rendered":"\n<p>Oppermann Druck- und Verlagsgesellschaft mbH &amp; Co. KG<br>Gutenbergstra\u00dfe 1<br>31552 Rodenberg<br>Postfach 1180<br>31548 Rodenberg<br>Telefon: 0 57 23 \/ 7 00 &#8211; 0<br>Telefax: 0 57 23 \/ 7 00 &#8211; 23<br>E-Mail: info@oppermann-druck-u-verlag.de<br>Internet: www.oppermann-druck-u-verlag.de<\/p>\n\n\n\n<p>Pers\u00f6nlich haftende Gesellschafterin:<br>Oppermann Beteiligungsgesellschaft mbH, Rodenberg,<br>AG HRB 377<\/p>\n\n\n\n<p>Vertretungsberechtigter Gesch\u00e4ftsf\u00fchrer:<br>Andr\u00e9 Sch\u00e4ffer<\/p>\n\n\n\n<p>Registergericht:<br>Amtsgericht Stadthagen B 377<br>Registernummer:<br>Amtsgericht Stadthagen HR 1531<br>Sitz der Gesellschaft:<br>Rodenberg<br>Umsatzsteuer-Identifikationsnummer gem\u00e4\u00df \u00a7 27 a Umsatzsteuergesetz:<br>DE 116538911<\/p>\n\n\n\n<p>Herausgeber<br>Herausgeber und Verleger:<br>Andr\u00e9 Sch\u00e4ffer<br>Inhaltlich Verantwortlicher gem\u00e4\u00df \u00a7 55 Abs. 2 RStV:<br>Andr\u00e9 Sch\u00e4ffer (Anschrift wie oben)<\/p>\n","protected":false},"excerpt":{"rendered":"<p>Oppermann Druck- und Verlagsgesellschaft mbH &amp; Co. KGGutenbergstra\u00dfe 131552 RodenbergPostfach 118031548 RodenbergTelefon: 0 57 23 \/ 7 00 &#8211; 0Telefax: 0 57 23 \/ 7 00 &#8211; 23E-Mail: info@oppermann-druck-u-verlag.deInternet: www.oppermann-druck-u-verlag.de Pers\u00f6nlich haftende Gesellschafterin:Oppermann Beteiligungsgesellschaft mbH, Rodenberg,AG HRB 377 Vertretungsberechtigter Gesch\u00e4ftsf\u00fchrer:Andr\u00e9 Sch\u00e4ffer Registergericht:Amtsgericht Stadthagen B 377Registernummer:Amtsgericht Stadthagen HR 1531Sitz der Gesellschaft:RodenbergUmsatzsteuer-Identifikationsnummer [&hellip;]<\/p>\n","protected":false},"author":1,"featured_media":0,"parent":0,"menu_order":0,"comment_status":"closed","ping_status":"closed","template":"","meta":{"_monsterinsights_skip_tracking":false,"_monsterinsights_sitenote_active":false,"_monsterinsights_sitenote_note":"","_monsterinsights_sitenote_category":0,"spay_email":"","footnotes":""},"class_list":["post-306","page","type-page","status-publish","hentry"],"yoast_head":"<!-- This site is optimized with the Yoast SEO plugin v27.4 - https:\/\/yoast.com\/product\/yoast-seo-wordpress\/ -->\n<title>Impressum - Unser Landvolk<\/title>\n<meta name=\"robots\" content=\"index, follow, max-snippet:-1, max-image-preview:large, max-video-preview:-1\" \/>\n<link rel=\"canonical\" href=\"https:\/\/unser-landvolk.de\/?page_id=306\" \/>\n<meta property=\"og:locale\" content=\"de_DE\" \/>\n<meta property=\"og:type\" content=\"article\" \/>\n<meta property=\"og:title\" content=\"Impressum - Unser Landvolk\" \/>\n<meta property=\"og:description\" content=\"Oppermann Druck- und Verlagsgesellschaft mbH &amp; Co. KGGutenbergstra\u00dfe 131552 RodenbergPostfach 118031548 RodenbergTelefon: 0 57 23 \/ 7 00 &#8211; 0Telefax: 0 57 23 \/ 7 00 &#8211; 23E-Mail: info@oppermann-druck-u-verlag.deInternet: www.oppermann-druck-u-verlag.de Pers\u00f6nlich haftende Gesellschafterin:Oppermann Beteiligungsgesellschaft mbH, Rodenberg,AG HRB 377 Vertretungsberechtigter Gesch\u00e4ftsf\u00fchrer:Andr\u00e9 Sch\u00e4ffer Registergericht:Amtsgericht Stadthagen B 377Registernummer:Amtsgericht Stadthagen HR 1531Sitz der Gesellschaft:RodenbergUmsatzsteuer-Identifikationsnummer [&hellip;]\" \/>\n<meta property=\"og:url\" content=\"https:\/\/unser-landvolk.de\/?page_id=306\" \/>\n<meta property=\"og:site_name\" content=\"Unser Landvolk\" \/>\n<meta property=\"article:modified_time\" content=\"2021-04-06T13:51:36+00:00\" \/>\n<meta name=\"twitter:card\" content=\"summary_large_image\" \/>\n<script type=\"application\/ld+json\" class=\"yoast-schema-graph\">{\"@context\":\"https:\\\/\\\/schema.org\",\"@graph\":[{\"@type\":\"WebPage\",\"@id\":\"https:\\\/\\\/unser-landvolk.de\\\/?page_id=306\",\"url\":\"https:\\\/\\\/unser-landvolk.de\\\/?page_id=306\",\"name\":\"Impressum - Unser Landvolk\",\"isPartOf\":{\"@id\":\"https:\\\/\\\/unser-landvolk.de\\\/#website\"},\"datePublished\":\"2021-04-06T07:45:14+00:00\",\"dateModified\":\"2021-04-06T13:51:36+00:00\",\"breadcrumb\":{\"@id\":\"https:\\\/\\\/unser-landvolk.de\\\/?page_id=306#breadcrumb\"},\"inLanguage\":\"de\",\"potentialAction\":[{\"@type\":\"ReadAction\",\"target\":[\"https:\\\/\\\/unser-landvolk.de\\\/?page_id=306\"]}]},{\"@type\":\"BreadcrumbList\",\"@id\":\"https:\\\/\\\/unser-landvolk.de\\\/?page_id=306#breadcrumb\",\"itemListElement\":[{\"@type\":\"ListItem\",\"position\":1,\"name\":\"Startseite\",\"item\":\"https:\\\/\\\/unser-landvolk.de\\\/\"},{\"@type\":\"ListItem\",\"position\":2,\"name\":\"Impressum\"}]},{\"@type\":\"WebSite\",\"@id\":\"https:\\\/\\\/unser-landvolk.de\\\/#website\",\"url\":\"https:\\\/\\\/unser-landvolk.de\\\/\",\"name\":\"Unser Landvolk\",\"description\":\"Landwirtschaft in Schaumburg\",\"publisher\":{\"@id\":\"https:\\\/\\\/unser-landvolk.de\\\/#organization\"},\"potentialAction\":[{\"@type\":\"SearchAction\",\"target\":{\"@type\":\"EntryPoint\",\"urlTemplate\":\"https:\\\/\\\/unser-landvolk.de\\\/?s={search_term_string}\"},\"query-input\":{\"@type\":\"PropertyValueSpecification\",\"valueRequired\":true,\"valueName\":\"search_term_string\"}}],\"inLanguage\":\"de\"},{\"@type\":\"Organization\",\"@id\":\"https:\\\/\\\/unser-landvolk.de\\\/#organization\",\"name\":\"Unser Landvolk\",\"url\":\"https:\\\/\\\/unser-landvolk.de\\\/\",\"logo\":{\"@type\":\"ImageObject\",\"inLanguage\":\"de\",\"@id\":\"https:\\\/\\\/unser-landvolk.de\\\/#\\\/schema\\\/logo\\\/image\\\/\",\"url\":\"https:\\\/\\\/unser-landvolk.de\\\/wp-content\\\/uploads\\\/2021\\\/05\\\/cropped-header-650x150-1.jpg\",\"contentUrl\":\"https:\\\/\\\/unser-landvolk.de\\\/wp-content\\\/uploads\\\/2021\\\/05\\\/cropped-header-650x150-1.jpg\",\"width\":1355,\"height\":260,\"caption\":\"Unser Landvolk\"},\"image\":{\"@id\":\"https:\\\/\\\/unser-landvolk.de\\\/#\\\/schema\\\/logo\\\/image\\\/\"}}]}<\/script>\n<!-- \/ Yoast SEO plugin. -->","yoast_head_json":{"title":"Impressum - Unser Landvolk","robots":{"index":"index","follow":"follow","max-snippet":"max-snippet:-1","max-image-preview":"max-image-preview:large","max-video-preview":"max-video-preview:-1"},"canonical":"https:\/\/unser-landvolk.de\/?page_id=306","og_locale":"de_DE","og_type":"article","og_title":"Impressum - Unser Landvolk","og_description":"Oppermann Druck- und Verlagsgesellschaft mbH &amp; Co. KGGutenbergstra\u00dfe 131552 RodenbergPostfach 118031548 RodenbergTelefon: 0 57 23 \/ 7 00 &#8211; 0Telefax: 0 57 23 \/ 7 00 &#8211; 23E-Mail: info@oppermann-druck-u-verlag.deInternet: www.oppermann-druck-u-verlag.de Pers\u00f6nlich haftende Gesellschafterin:Oppermann Beteiligungsgesellschaft mbH, Rodenberg,AG HRB 377 Vertretungsberechtigter Gesch\u00e4ftsf\u00fchrer:Andr\u00e9 Sch\u00e4ffer Registergericht:Amtsgericht Stadthagen B 377Registernummer:Amtsgericht Stadthagen HR 1531Sitz der Gesellschaft:RodenbergUmsatzsteuer-Identifikationsnummer [&hellip;]","og_url":"https:\/\/unser-landvolk.de\/?page_id=306","og_site_name":"Unser Landvolk","article_modified_time":"2021-04-06T13:51:36+00:00","twitter_card":"summary_large_image","schema":{"@context":"https:\/\/schema.org","@graph":[{"@type":"WebPage","@id":"https:\/\/unser-landvolk.de\/?page_id=306","url":"https:\/\/unser-landvolk.de\/?page_id=306","name":"Impressum - Unser Landvolk","isPartOf":{"@id":"https:\/\/unser-landvolk.de\/#website"},"datePublished":"2021-04-06T07:45:14+00:00","dateModified":"2021-04-06T13:51:36+00:00","breadcrumb":{"@id":"https:\/\/unser-landvolk.de\/?page_id=306#breadcrumb"},"inLanguage":"de","potentialAction":[{"@type":"ReadAction","target":["https:\/\/unser-landvolk.de\/?page_id=306"]}]},{"@type":"BreadcrumbList","@id":"https:\/\/unser-landvolk.de\/?page_id=306#breadcrumb","itemListElement":[{"@type":"ListItem","position":1,"name":"Startseite","item":"https:\/\/unser-landvolk.de\/"},{"@type":"ListItem","position":2,"name":"Impressum"}]},{"@type":"WebSite","@id":"https:\/\/unser-landvolk.de\/#website","url":"https:\/\/unser-landvolk.de\/","name":"Unser Landvolk","description":"Landwirtschaft in Schaumburg","publisher":{"@id":"https:\/\/unser-landvolk.de\/#organization"},"potentialAction":[{"@type":"SearchAction","target":{"@type":"EntryPoint","urlTemplate":"https:\/\/unser-landvolk.de\/?s={search_term_string}"},"query-input":{"@type":"PropertyValueSpecification","valueRequired":true,"valueName":"search_term_string"}}],"inLanguage":"de"},{"@type":"Organization","@id":"https:\/\/unser-landvolk.de\/#organization","name":"Unser Landvolk","url":"https:\/\/unser-landvolk.de\/","logo":{"@type":"ImageObject","inLanguage":"de","@id":"https:\/\/unser-landvolk.de\/#\/schema\/logo\/image\/","url":"https:\/\/unser-landvolk.de\/wp-content\/uploads\/2021\/05\/cropped-header-650x150-1.jpg","contentUrl":"https:\/\/unser-landvolk.de\/wp-content\/uploads\/2021\/05\/cropped-header-650x150-1.jpg","width":1355,"height":260,"caption":"Unser Landvolk"},"image":{"@id":"https:\/\/unser-landvolk.de\/#\/schema\/logo\/image\/"}}]}},"_links":{"self":[{"href":"https:\/\/unser-landvolk.de\/index.php?rest_route=\/wp\/v2\/pages\/306","targetHints":{"allow":["GET"]}}],"collection":[{"href":"https:\/\/unser-landvolk.de\/index.php?rest_route=\/wp\/v2\/pages"}],"about":[{"href":"https:\/\/unser-landvolk.de\/index.php?rest_route=\/wp\/v2\/types\/page"}],"author":[{"embeddable":true,"href":"https:\/\/unser-landvolk.de\/index.php?rest_route=\/wp\/v2\/users\/1"}],"replies":[{"embeddable":true,"href":"https:\/\/unser-landvolk.de\/index.php?rest_route=%2Fwp%2Fv2%2Fcomments&post=306"}],"version-history":[{"count":3,"href":"https:\/\/unser-landvolk.de\/index.php?rest_route=\/wp\/v2\/pages\/306\/revisions"}],"predecessor-version":[{"id":356,"href":"https:\/\/unser-landvolk.de\/index.php?rest_route=\/wp\/v2\/pages\/306\/revisions\/356"}],"wp:attachment":[{"href":"https:\/\/unser-landvolk.de\/index.php?rest_route=%2Fwp%2Fv2%2Fmedia&parent=306"}],"curies":[{"name":"wp","href":"https:\/\/api.w.org\/{rel}","templated":true}]}}

<p>Oppermann Druck- und Verlagsgesellschaft mbH &amp; Co. KG<br>Gutenbergstraße 1<br>31552 Rodenberg<br>Postfach 1180<br>31548 Rodenberg<br>Telefon: 0 57 23 / 7 00 &#8211; 0<br>Telefax: 0 57 23 / 7 00 &#8211; 23<br>E-Mail: info@oppermann-druck-u-verlag.de<br>Internet: www.oppermann-druck-u-verlag.de</p>



<p>Persönlich haftende Gesellschafterin:<br>Oppermann Beteiligungsgesellschaft mbH, Rodenberg,<br>AG HRB 377</p>



<p>Vertretungsberechtigter Geschäftsführer:<br>André Schäffer</p>



<p>Registergericht:<br>Amtsgericht Stadthagen B 377<br>Registernummer:<br>Amtsgericht Stadthagen HR 1531<br>Sitz der Gesellschaft:<br>Rodenberg<br>Umsatzsteuer-Identifikationsnummer gemäß § 27 a Umsatzsteuergesetz:<br>DE 116538911</p>



<p>Herausgeber<br>Herausgeber und Verleger:<br>André Schäffer<br>Inhaltlich Verantwortlicher gemäß § 55 Abs. 2 RStV:<br>André Schäffer (Anschrift wie oben)</p>

<p>Oppermann Druck- und Verlagsgesellschaft mbH &amp; Co. KGGutenbergstraße 131552 RodenbergPostfach 118031548 RodenbergTelefon: 0 57 23 / 7 00 &#8211; 0Telefax: 0 57 23 / 7 00 &#8211; 23E-Mail: info@oppermann-druck-u-verlag.deInternet: www.oppermann-druck-u-verlag.de Persönlich haftende Gesellschafterin:Oppermann Beteiligungsgesellschaft mbH, Rodenberg,AG HRB 377 Vertretungsberechtigter Geschäftsführer:André Schäffer Registergericht:Amtsgericht Stadthagen B 377Registernummer:Amtsgericht Stadthagen HR 1531Sitz der Gesellschaft:RodenbergUmsatzsteuer-Identifikationsnummer [&hellip;]</p>

<!-- This site is optimized with the Yoast SEO plugin v27.4 - https://yoast.com/product/yoast-seo-wordpress/ -->
<title>Impressum - Unser Landvolk</title>
<meta name="robots" content="index, follow, max-snippet:-1, max-image-preview:large, max-video-preview:-1" />
<link rel="canonical" href="https://unser-landvolk.de/?page_id=306" />
<meta property="og:locale" content="de_DE" />
<meta property="og:type" content="article" />
<meta property="og:title" content="Impressum - Unser Landvolk" />
<meta property="og:description" content="Oppermann Druck- und Verlagsgesellschaft mbH &amp; Co. KGGutenbergstraße 131552 RodenbergPostfach 118031548 RodenbergTelefon: 0 57 23 / 7 00 &#8211; 0Telefax: 0 57 23 / 7 00 &#8211; 23E-Mail: info@oppermann-druck-u-verlag.deInternet: www.oppermann-druck-u-verlag.de Persönlich haftende Gesellschafterin:Oppermann Beteiligungsgesellschaft mbH, Rodenberg,AG HRB 377 Vertretungsberechtigter Geschäftsführer:André Schäffer Registergericht:Amtsgericht Stadthagen B 377Registernummer:Amtsgericht Stadthagen HR 1531Sitz der Gesellschaft:RodenbergUmsatzsteuer-Identifikationsnummer [&hellip;]" />
<meta property="og:url" content="https://unser-landvolk.de/?page_id=306" />
<meta property="og:site_name" content="Unser Landvolk" />
<meta property="article:modified_time" content="2021-04-06T13:51:36+00:00" />
<meta name="twitter:card" content="summary_large_image" />
<script type="application/ld+json" class="yoast-schema-graph">{"@context":"https:\/\/schema.org","@graph":[{"@type":"WebPage","@id":"https:\/\/unser-landvolk.de\/?page_id=306","url":"https:\/\/unser-landvolk.de\/?page_id=306","name":"Impressum - Unser Landvolk","isPartOf":{"@id":"https:\/\/unser-landvolk.de\/#website"},"datePublished":"2021-04-06T07:45:14+00:00","dateModified":"2021-04-06T13:51:36+00:00","breadcrumb":{"@id":"https:\/\/unser-landvolk.de\/?page_id=306#breadcrumb"},"inLanguage":"de","potentialAction":[{"@type":"ReadAction","target":["https:\/\/unser-landvolk.de\/?page_id=306"]}]},{"@type":"BreadcrumbList","@id":"https:\/\/unser-landvolk.de\/?page_id=306#breadcrumb","itemListElement":[{"@type":"ListItem","position":1,"name":"Startseite","item":"https:\/\/unser-landvolk.de\/"},{"@type":"ListItem","position":2,"name":"Impressum"}]},{"@type":"WebSite","@id":"https:\/\/unser-landvolk.de\/#website","url":"https:\/\/unser-landvolk.de\/","name":"Unser Landvolk","description":"Landwirtschaft in Schaumburg","publisher":{"@id":"https:\/\/unser-landvolk.de\/#organization"},"potentialAction":[{"@type":"SearchAction","target":{"@type":"EntryPoint","urlTemplate":"https:\/\/unser-landvolk.de\/?s={search_term_string}"},"query-input":{"@type":"PropertyValueSpecification","valueRequired":true,"valueName":"search_term_string"}}],"inLanguage":"de"},{"@type":"Organization","@id":"https:\/\/unser-landvolk.de\/#organization","name":"Unser Landvolk","url":"https:\/\/unser-landvolk.de\/","logo":{"@type":"ImageObject","inLanguage":"de","@id":"https:\/\/unser-landvolk.de\/#\/schema\/logo\/image\/","url":"https:\/\/unser-landvolk.de\/wp-content\/uploads\/2021\/05\/cropped-header-650x150-1.jpg","contentUrl":"https:\/\/unser-landvolk.de\/wp-content\/uploads\/2021\/05\/cropped-header-650x150-1.jpg","width":1355,"height":260,"caption":"Unser Landvolk"},"image":{"@id":"https:\/\/unser-landvolk.de\/#\/schema\/logo\/image\/"}}]}</script>
<!-- / Yoast SEO plugin. -->

Oppermann Druck- und Verlagsgesellschaft mbH &amp; Co. KGGutenbergstraße 131552 RodenbergPostfach 118031548 RodenbergTelefon: 0 57 23 / 7 00 &#8211; 0Telefax: 0 57 23 / 7 00 &#8211; 23E-Mail: info@oppermann-druck-u-verlag.deInternet: www.oppermann-druck-u-verlag.de Persönlich haftende Gesellschafterin:Oppermann Beteiligungsgesellschaft mbH, Rodenberg,AG HRB 377 Vertretungsberechtigter Geschäftsführer:André Schäffer Registergericht:Amtsgericht Stadthagen B 377Registernummer:Amtsgericht Stadthagen HR 1531Sitz der Gesellschaft:RodenbergUmsatzsteuer-Identifikationsnummer [&hellip;]
